en thousands digit of 31548?
3
What is the tens digit of 5269?
6
What is the thousands digit of 7929?
7
What is the tens digit of 51025?
2
What is the thousands digit of 1029?
1
What is the hundreds digit of 1071?
0
What is the hundreds digit of 13419?
4
What is the ten thousands digit of 13847?
1
What is the tens digit of 969?
6
What is the tens digit of 10990?
9
What is the tens digit of 38439?
3
What is the thousands digit of 4817?
4
What is the hundreds digit of 1500?
5
What is the thousands digit of 9359?
9
What is the tens digit of 42805?
0
What is the tens digit of 1278?
7
What is the tens digit of 4336?
3
What is the tens digit of 1347?
4
What is the hundreds digit of 43165?
1
What is the tens digit of 68200?
0
What is the hundreds digit of 1737?
7
What is the tens digit of 875?
7
What is the tens digit of 2725?
2
What is the tens digit of 900?
0
What is the thousands digit of 41578?
1
What is the thousands digit of 12467?
2
What is the thousands digit of 75442?
5
What is the hundreds digit of 1020?
0
What is the thousands digit of 1016?
1
What is the hundreds digit of 9726?
7
What is the tens digit of 1052?
5
What is the units digit of 1139?
9
What is the ten thousands digit of 51305?
5
What is the thousands digit of 14839?
4
What is the hundreds digit of 1088?
0
What is the hundreds digit of 4105?
1
What is the tens digit of 7411?
1
What is the units digit of 24326?
6
What is the units digit of 44017?
7
What is the tens digit of 83337?
3
What is the ten thousands digit of 99492?
9
What is the ten thousands digit of 26992?
2
What is the tens digit of 2263?
6
What is the hundreds digit of 1461?
4
What is the hundreds digit of 1412?
4
What is the tens digit of 521?
2
What is the thousands digit of 37211?
7
What is the thousands digit of 72174?
2
What is the units digit of 26461?
1
What is the units digit of 199?
9
What is the ten thousands digit of 10216?
1
What is the tens digit of 253?
5
What is the tens digit of 1911?
1
What is the hundreds digit of 408?
4
What is the hundreds digit of 360?
3
What is the ten thousands digit of 34318?
3
What is the units digit of 3271?
1
What is the hundreds digit of 2208?
2
What is the tens digit of 2409?
0
What is the hundreds digit of 176?
1
What is the hundreds digit of 85500?
5
What is the thousands digit of 5812?
5
What is the hundreds digit of 381?
3
What is the units digit of 71211?
1
What is the thousands digit of 13019?
3
What is the tens digit of 4427?
2
What is the hundreds digit of 19062?
0
What is the thousands digit of 7946?
7
What is the thousands digit of 12389?
2
What is the units digit of 8559?
9
What is the hundreds digit of 885?
8
What is the hundreds digit of 2370?
3
What is the hundreds digit of 1161?
1
What is the hundreds digit of 8791?
7
What is the hundreds digit of 5094?
0
What is the thousands digit of 16163?
6
What is the hundreds digit of 57649?
6
What is the tens digit of 4969?
6
What is the tens digit of 1260?
6
What is the units digit of 299?
9
What is the tens digit of 21685?
8
What is the units digit of 844?
4
What is the hundreds digit of 48246?
2
What is the tens digit of 10923?
2
What is the tens digit of 775?
7
What is the tens digit of 72058?
5
What is the hundreds digit of 145673?
6
What is the hundreds digit of 36251?
2
What is the units digit of 1502?
2
What is the tens digit of 2328?
2
What is the ten thousands digit of 38570?
3
What is the thousands digit of 99289?
9
What is the hundreds digit of 75737?
7
What is the units digit of 8?
8
What is the tens digit of 6264?
6
What is the tens digit of 2751?
5
What is the units digit of 35560?
0
What is the thousands digit of 2161?
2
What is the units digit of 92917?
7
What is the hundreds digit of 2289?
2
What is the tens digit of 113065?
6
What is the thousands digit of 26273?
6
What is the tens digit of 24319?
1
What is the tens digit of 11?
1
What is the thousands digit of 3705?
3
What is the hundreds digit of 13229?
2
What is the units digit of 36?
6
What is the tens digit of 30527?
2
What is the hundreds digit of 8095?
0
What is the hundreds digit of 1050?
0
What is the tens digit of 31966?
6
What is the tens digit of 467?
6
What is the tens digit of 30144?
4
What is the units digit of 1552?
2
What is the thousands digit of 1721?
1
What is the ten thousands digit of 12405?
1
What is the units digit of 4113?
3
What is the thousands digit of 9433?
9
What is the tens digit of 91?
9
What is the tens digit of 73?
7
What is the units digit of 20260?
0
What is the units digit of 36261?
1
What is the thousands digit of 1992?
1
What is the units digit of 3870?
0
What is the tens digit of 1151?
5
What is the hundreds digit of 41180?
1
What is the units digit of 1117?
7
What is the units digit of 789?
9
What is the units digit of 2334?
4
What is the hundreds digit of 528?
5
What is the hundreds digit of 16691?
6
What is the hundreds digit of 1241?
2
What is the hundreds digit of 42261?
2
What is the units digit of 2107?
7
What is the hundreds digit of 5670?
6
What is the hundreds digit of 136455?
4
What is the tens digit of 9890?
9
What is the units digit of 24?
4
What is the hundreds digit of 417?
4
What is the units digit of 1108?
8
What is the ten thousands digit of 30905?
3
What is the thousands digit of 4408?
4
What is the hundreds digit of 29677?
6
What is the thousands digit of 80979?
0
What is the units digit of 54321?
1
What is the hundreds digit of 13750?
7
What is the ten thousands digit of 62983?
6
What is the hundreds digit of 364?
3
What is the tens digit of 2209?
0
What is the tens digit of 4479?
7
What is the ten thousands digit of 77508?
7
What is the hundreds digit of 862?
8
What is the thousands digit of 96113?
6
What is the hundreds digit of 4919?
9
What is the hundreds digit of 23388?
3
What is the tens digit of 48255?
5
What is the units digit of 23931?
1
What is the units digit of 3391?
1
What is the thousands digit of 5725?
5
What is the hundreds digit of 51851?
8
What is the hundreds digit of 6847?
8
What is the hundreds digit of 404?
4
What is the units digit of 808?
8
What is the units digit of 113?
3
What is the thousands digit of 76301?
6
What is the hundreds digit of 59517?
5
What is the units digit of 66990?
0
What is the ten thousands digit of 51864?
5
What is the units digit of 10002?
2
What is the ten thousands digit of 12802?
1
What is the units digit of 405?
5
What is the units digit of 132054?
4
What is the units digit of 194?
4
What is the units digit of 30?
0
What is the units digit of 1202?
2
What is the tens digit of 349?
4
What is the hundreds digit of 6383?
3
What is the units digit of 10238?
8
What is the units digit of 72?
2
What is the hundreds digit of 1054?
0
What is the hundreds digit of 4304?
3
What is the units digit of 2695?
5
What is the units digit of 855?
5
What is the thousands digit of 38916?
8
What is the hundreds digit of 8741?
7
What is the units digit of 74011?
1
What is the tens digit of 1423?
2
What is the tens digit of 531?
3
What is the ten thousands digit of 105477?
0
What is the thousands digit of 3327?
3
What is the thousands digit of 1138?
1
What is the hundreds digit of 826?
8
What is the thousands digit of 3628?
3
What is the hundreds digit of 29874?
8
What is the tens digit of 24064?
6
What is the ten thousands digit of 15988?
1
What is the hundreds digit of 845?
8
What is the units digit of 8303?
3
What is the tens digit of 322?
2
What is the hundreds digit of 401?
4
What is the tens digit of 139?
3
What is the tens digit of 1651?
5
What is the hundreds digit of 374?
3
What is the thousands digit of 46659?
6
What is the thousands digit of 1134?
1
What is the thousands digit of 24535?
4
What is the tens digit of 12145?
4
What is the hundreds digit of 1248?
2
What is the hundreds digit of 2756?
7
What is the tens digit of 14686?
8
What is the hundreds digit of 10944?
9
What is the hundreds digit of 5407?
4
What is the hundreds digit of 7332?
3
What is the tens digit of 938?
3
What is the tens digit of 2465?
6
What is the hundreds digit of 27120?
1
What is the hundreds digit of 265?
2
What is the thousands digit of 9126?
9
What is the units digit of 448?
8
What is the tens digit of 4569?
6
What is the thousands digit of 1923?
1
What is the hund